lse
Suppose -k + 0*d - 14 = -5*d, -2*d = 3*k - 26. Suppose 5*m = -4*a - k, -m + 16 = m - 3*a. Suppose -m*c - 381 = -5*c. Is c a composite number?
False
Let a = -89 + 153. Let c(o) = 3*o + 295. Let p be c(0). Let k = p + a. Is k a composite number?
False
Let a = 2538 - -4759. Is a composite?
False
Let x(z) be the first derivative of 10*z**3/3 + 9*z**2/2 + 29*z + 10. Is x(-12) prime?
True
Let h = -217 + -185. Let y = h + 617. Is -1 + (y - (3 - 2)) composite?
True
Let r = -291 - -614. Suppose -3*z + r = 19883. Is (z/8)/(0 - 1) a prime number?
False
Suppose -11*r = 15*r - 185354. Is r a composite number?
False
Let m(n) = n**3 + 12*n**2 + 19*n - 5. Let v be m(-10). Suppose v*p - p = 7132. Is p composite?
False
Suppose -7*n + 38 = 31. Let x(d) = 2744*d**2 - 4*d + 3. Is x(n) prime?
False
Suppose -5*b = 15, 3*b - 8 = -5*h + 3. Suppose -x + 46 = h*g, -g - 183 = -3*x - 4*g. Suppose -3*y + 87 + x = 0. Is y prime?
False
Suppose 2*n - 5*y + 19 = -n, 0 = n - 2*y + 7. Let g be -4 - (n + (3 - 2)). Is -38*g*14/8 prime?
False
Let o = 5775 - 1577. Suppose 24*c = 22*c + o. Is c a prime number?
True
Let u(w) = -4*w**2 - 3*w**3 + 10*w - 8 + 4 + 5 + 2. Let c be u(-6). Suppose -q + c = 158. Is q a prime number?
False
Suppose -6183 = n + 4*n + 3*m, 4972 = -4*n + 4*m. Let v = n + 2326. Is v composite?
False
Suppose 0 = 2*d + 4 + 18. Suppose -3*b + 82 = -17. Let k = d + b. Is k prime?
False
Suppose 0 = 34*s - 39*s + 190535. Is s a composite number?
True
Let h be 0/(1 - 0) - -2. Let o be 45/18 - 1/h. Is 154 + (3 - (-2 + o)) prime?
True
Suppose 14*o - 13*o - 8518 = -5*l, -3*o = 2*l - 25619. Is o a composite number?
False
Let s = -343 + 539. Let m = s - 122. Is m prime?
False
Let h(o) = -o**2 - 7*o + 2. Let s be h(-9). Let p be 20*2/(s/(-4)). Suppose p*u + 38 = 11*u. Is u a prime number?
False
Suppose 0*c = -13*c + 3874. Is c a prime number?
False
Suppose -76494 + 4749 = -5*h. Is h composite?
True
Suppose 33519 = 3*p + 2*h, 2*p - 10832 = h + 11507. Is p a prime number?
True
Suppose -2*n + 4*u - 2038 = n, 0 = 3*u - 12. Let s = n - -1113. Is s a composite number?
False
Let f = 2309 - -2552. Is f composite?
False
Suppose -10 = -7*q + 8*q. Let c = -100 - -69. Let d = q - c. Is d a composite number?
True
Suppose 4*t - 2679 = -195. Suppose 3*d + 3*r = t, 2*d + 6*r - 406 = 2*r. Is d prime?
True
Let r(s) = 199*s + 5. Let m = 2 - 0. Is r(m) composite?
True
Let g be 3 + -1*(7 - 4). Suppose -l - 2*m + 349 = g, -2*m + 320 + 1070 = 4*l. Is l composite?
False
Suppose 4*t - s = -1 - 33, t - s = -7. Let f be 1840/15 - (-6)/t. Suppose f = 2*l - 396. Is l prime?
False
Let j = -8 - -13. Suppose 35 = -5*c + 5*f, -j*c + 2*f - 43 = -5. Is c/10 - 1438/(-10) a prime number?
False
Suppose -2*d + 0*i - i = -19, -i = 4*d - 35. Let g = -4 + d. Suppose g*a = -16, -963 - 681 = -4*p + 4*a. Is p a composite number?
True
Suppose 0 = -6*g + 7*g - 3. Is (-662)/(-4 + (0 - 1) + g) a composite number?
False
Let i(s) = -s**2 + 3*s + 30. Let n be i(8). Is (-1114)/(-2)*(-9 - n - 0) prime?
True
Suppose 3*w = 6*p - 4*p + 177, 4*w - 3*p - 236 = 0. Suppose -2*u - 3*u = 110. Let l = u + w. Is l composite?
False
Suppose 8*a + 5*t + 162733 = 11*a, 3*a + 5*t = 162773. Is a composite?
False
Let o(j) be the first derivative of j**4/4 + 13*j**3/3 + 5*j**2/2 - 17*j + 141. Let k(h) = h**3 - 5*h**2 + 4. Let u be k(4). Is o(u) a prime number?
True
Suppose x = 4*x - 44139. Is x a composite number?
False
Let f be 4 - ((-126)/24)/(3/(-8)). Let t(b) = -92*b + 47. Is t(f) a composite number?
False
Let l(j) = j + 1. Let q(m) = -43*m. Let y(g) = 5*l(g) + q(g). Is y(-3) prime?
False
Let u(b) = -18*b**2 + 9*b + 9. Let k be u(-6). Let y = -29 + 1015. Let v = y + k. Is v a composite number?
False
Is 3793 + 30/(-6) - (-5 + 6) a prime number?
False
Let w(n) = -n**3 + 14*n**2 + 7*n + 13. Let d(k) = k**2 + 14*k + 34. Let p be d(-10). Is w(p) prime?
True
Suppose 2*l - q - 941 = 329, 5*q = l - 653. Suppose 9*c - l = 6*c. Is c a composite number?
False
Let s = 4244 + -1407. Is s composite?
False
Suppose -17*d - 21087 = -3*i - 14*d, 4*d - 21115 = -3*i. Is i a prime number?
False
Let q = -28 - -18. Let g be ((-35)/q)/7*4. Is 5277/g*(-10)/(-15) a prime number?
True
Let d(z) = -522*z**2 - 2*z + 1. Let n(u) = -523*u**2 - u + 1. Let k(i) = -3*d(i) + 4*n(i). Let l be k(-1). Let t = -234 - l. Is t prime?
True
Let c be (-1 + 3 + -3)/(5/4105). Let f = 1418 + c. Is f a composite number?
True
Is (19 + 944/(-48))*(-1389018)/4 composite?
False
Let k(w) = 5*w**2 - 2*w + 1. Let r be k(1). Suppose r*m = 2*h + 2*h + 68, -5*h = -m + 77. Let f = 130 + h. Is f composite?
True
Let v = -175 - 29. Let w = 331 + v. Is w a prime number?
True
Let q be -1 + -1 + -10 + 10. Let v(j) = -26*j - 2. Let i be v(q). Suppose -5*z - p = -434, 3*z + p = 310 - i. Is z a composite number?
True
Let w = 217 + 1740. Is w a composite number?
True
Let a(v) = v**2 - 14*v + 6. Let r be a(8). Is (-194)/3*63/r a prime number?
True
Suppose q + 3*y = 1387, -5*q - 2*y = -y - 6991. Is q composite?
False
Suppose 30 - 3 = 3*t. Suppose -21 = -3*k - t. Suppose -k*m + 94 = -30. Is m prime?
True
Let h(k) = -k**2 - k - 1. Let q be h(-2). Let z be q/(45/(-6))*5. Suppose -z*x + 15 + 7 = 0. Is x prime?
True
Suppose -2*s = -5*l + l + 82, -l + 4*s + 31 = 0. Let k = 9 + l. Is 12/k - (-2080)/14 a composite number?
False
Let f be (-17884)/(-10) - (28/10)/7. Suppose 0 = 14*g - 20*g + f. Is g composite?
True
Let o(f) be the third derivative of 3*f**4 - 5*f**3/6 + 2*f**2. Is o(3) prime?
True
Let h = 3330 + -589. Is h composite?
False
Let f(v) = v**2 + 1. Let t(k) = -k**2 + 14*k + 3. Let m(o) = 3*f(o) + t(o). Let p be m(-9). Is (145/(-15))/((-2)/p) prime?
False
Suppose 3*a - 16*a = 0. Suppose -3*m + 0*b + 4*b = -2897, 4*m + 3*b - 3896 = a. Is m composite?
False
Let r = -3 + 3. Suppose 2*t - 6*t + 24 = r. Is (-2)/(t/(-9)) + 50 composite?
False
Suppose -5*c = -5*x - 15, -x + 4*c - 19 + 1 = 0. Is 3/x*((-1731)/(-9) - -3) prime?
True
Let y(n) = -n**3 - 36*n**2 - 97*n + 77. Is y(-40) a prime number?
True
Let u(g) = 3*g**3 - 12*g**2 - 53*g + 29. Is u(14) composite?
False
Let l(o) = o. Let t(k) = -k**3 - 6*k**2 + 5*k + 5. Let g(x) = 5*l(x) - t(x). Let r be g(-6). Is r*2*1052/(-40) prime?
True
Suppose -4*n = n + 90. Let a be 3146/10 + n/30. Suppose 2*v - a = -0*v. Is v prime?
True
Suppose 0 = -8*g + 4*g + 12. Let s(h) = 52*h + 3. Let n be s(g). Suppose -n = -2*j + 223. Is j prime?
True
Let a(u) = -70*u + 99. Is a(-22) a prime number?
False
Suppose -3*t + 3*c - 1 + 16 = 0, 21 = 4*t - 5*c. Let f = t + -4. Suppose 3*a - n = -f*n + 386, 0 = n + 5. Is a a prime number?
True
Suppose -8541 = -n - 3*v + 5*v, -34184 = -4*n - 2*v. Is n a composite number?
True
Let q = 2 - -1. Let s(b) be the second derivative of 205*b**3/6 + 4*b**2 - 22*b. Is s(q) a prime number?
False
Suppose 8924 = 5*n - 821. Is n composite?
False
Suppose -2*d + 565 = -717. Is d a prime number?
True
Let h = -421 - -424. Let l = -1 + 1. Suppose 4*t + 955 = 3*g, h*g + t = -l*g + 950. Is g a prime number?
True
Let p = -668 + 1750. Is p a composite number?
True
Let b be (-2)/((-1)/65 - 0). Suppose k + 3*n = 15, 3*k + 12 - 29 = -2*n. Suppose 0 = -k*c + b + 485. Is c composite?
True
Suppose -5*m = 3*c - 8230, -5*m = -c + 2741 - 10991. Is m prime?
False
Let j(r) = -53*r + 424. Is j(-35) prime?
False
Suppose 5*h = 2*d + 8289, 4*h + 3312 = 6*h + d. Is h a composite number?
False
Is (19566/12)/((-3)/1)*-22 a composite number?
True
Is 42754*((-171)/(-18))/19 a prime number?
True
Let n = -5041 + 9362. Is n prime?
False
Let i be 1*2/6 + 364/78. Suppose i*f + 5*f = 5140. Is f composite?
True
Suppose 4*x = 7*x - 35463. Is x a prime number?
True
Suppose -4 = 4*s + 5*v, -2*v + 0 = -s + 12. Suppose 0 = -2*i + 4*q + 342, 644 = 4*i - 2*q + s*q. Suppose -c - i + 456 = 0. Is c a prime number?
True
Suppose 9*a = 5*a - 12. Is a*(2 + (-305)/15) a prime number?
False
Suppose 0*r = -2*r - 5*t + 5868, -4*t + 11748 = 4*r. Let f = r - 1999. Let u = f + -531. Is u a prime number?
True
Let d = 655 - -102. Suppose -4*t = -d - 1687. Is t prime?
False
Let j = -101 - 68. Let m = 296 + j. Is m a prime number?
True
Let y = 48 + -38. Let u(j) = -j**3 + 20*j**2 - 11*j + 27. Is u(y) prime?
False
Suppose -101*u = -91*u - 200590. Is u prime?
False
Let k be (-2)/4*(2 + 2). Let b be k/(-6) - (-55)/15. Let 